 = b**3 + 7*b**2 - 2*b - 9. Let r be ((-2)/(-6))/(1/12). Let o be (r/(-4))/3*21. Let n be m(o). What is the greatest common factor of n and 40?
5
Let j = -168 + 322. Suppose -3*n - 3*b + 12 = 0, -5*b = -3*n - n + 43. Let u be 77/n - (0 + -3). Calculate the greatest common factor of j and u.
14
Suppose -3*r = 2*i - 13, -4 = -4*r - 24. Let f(b) = b**2 + 7*b - 2. Let g be f(4). Calculate the greatest common factor of i and g.
14
Let a = 739 + -367. What is the highest common divisor of 108 and a?
12
Suppose 43 + 45 = 4*a. Let i be 1*302/4*1*4. Suppose 3*g = -4 + 10, -i = -2*k + 3*g. What is the highest common factor of a and k?
22
Let k(q) = -2*q**3 + 42*q**2 + 45*q - 9. Let z be k(22). What is the greatest common divisor of 208 and z?
13
Let b be -160*(-30)/(-150)*95/(-4). Calculate the greatest common factor of b and 120.
40
Suppose -2*z - 3*z + 285 = 5*c, 3*c = -2*z + 174. Suppose -35*g + 4608 = -4*g + 161*g. Calculate the greatest common divisor of g and c.
12
Let a(p) = -p**3 + 10*p**2 + 6*p - 1. Let v be a(5). Let i = -59 - -81. What is the greatest common divisor of i and v?
22
Let t(r) = -r**2 + 17*r - 31. Let v be t(11). What is the highest common factor of 5 and v?
5
Let o(b) = b**2 - 8*b - 5. Let w be o(9). Suppose 0 = 3*h + 4*u - 5 - 30, h - 29 = 3*u. Let p = h - 9. Calculate the greatest common factor of w and p.
4
Let g be ((-12)/7)/(36/(-126)). Let x(r) = 0*r**2 + 4*r**2 + 13 - 3*r**2. Let n be x(g). What is the greatest common factor of 7 and n?
7
Suppose 2*u - 30 = -3*w, 29*u - 31*u + 5*w = 2. What is the highest common divisor of u and 369?
9
Let k = 24 - 35. Let x = 24 + k. Let v = 21 - x. What is the greatest common divisor of 1 and v?
1
Suppose 5*h = -0*h + 4*t + 23, -3*t - 18 = -4*h. What is the highest common divisor of 3 and h?
3
Suppose 54*m = 55*m - 24. What is the highest common divisor of 336 and m?
24
Suppose 0 = -5*b - 2*c + 863, b = -3*c - 63 + 246. Calculate the highest common factor of 399 and b.
57
Let b be 66/3*(-60)/(-40). What is the greatest common factor of 143 and b?
11
Suppose -2*m = 3*m - 75. Suppose -40*n - 77*n + 4238 = -11557. What is the highest common divisor of n and m?
15
Let z = 77 + -44. Suppose 0 = -3*b - 4*g + 72, -2*b + 15 = -3*g - z. What is the highest common divisor of 60 and b?
12
Suppose -50 = z + 15. Let j = -26 - z. Calculate the highest common factor of j and 91.
13
Suppose 4*c + 5*z = 25, 4*z = -0*z + 20. Let d(y) = -5*y + 3. Let f be d(c). What is the highest common divisor of 27 and f?
3
Let x = -22 + 20. Let h be (-4)/2 - (-4 - x). Let c be 1 + h + 4/2. Calculate the highest common factor of 15 and c.
3
Suppose -11*m - 70*m + 51840 = 0. Calculate the greatest common divisor of m and 10.
10
Let k be (5/(-60)*-268)/(3/27). What is the highest common divisor of k and 67?
67
Suppose -4*x = 5*a - 12736, -80*x + 12 = -77*x. What is the highest common divisor of a and 16?
16
Let s be (-70)/56 + 5770/8. Calculate the greatest common divisor of 45 and s.
45
Let t = -840 + 2058. Calculate the highest common factor of t and 42.
42
Suppose 4*x = 2*x - 4. Let f be -2 + (11 - (-1 + x)). Suppose f = -3*i, -2*z - z + 2*i + 356 = 0. What is the greatest common divisor of z and 29?
29
Let p(u) = 5*u - 16. Let x be p(4). Suppose -5*v + 24 = -a, 24 = 5*a - a + x*v. Let j be 16/4 + (29 - a). What is the highest common divisor of 256 and j?
32
Let r(f) = f**3 - 6*f**2 + 2*f + 36. Let q be r(5). Let y = 5 - -1. What is the greatest common divisor of y and q?
3
Let q(w) = 5*w**2 + 11*w + 6. Let b be q(6). Calculate the greatest common factor of 63 and b.
63
Let a(m) = m**2 - 12*m + 4. Let g be a(11). Let o = 9 + g. Let u be o/(-3 + (-124)/(-40)). What is the greatest common factor of 10 and u?
10
Suppose 2*d + 4*g - 4 = 2, d - 3*g - 8 = 0. Suppose -d*k + 10 = 0, n - k = -0*n + 262. What is the highest common factor of 33 and n?
33
Suppose 14*h = 260 - 50. Calculate the highest common divisor of h and 405.
15
Suppose 0 = 11*j + 13 - 189. What is the highest common factor of 112 and j?
16
Suppose -14*f - 756 = -17*f. What is the greatest common factor of f and 672?
84
Let n = 733 + -436. What is the highest common divisor of 55 and n?
11
Let j(v) = 43*v + 118. Let m be j(5). What is the greatest common factor of 74 and m?
37
Let t = -409 - -411. What is the greatest common divisor of 108 and t?
2
Let r(c) = -45*c + 3. Let g be r(-5). Suppose 0 = -2*i - 3*i + b + g, 5*b = 2*i - 105. What is the highest common divisor of i and 60?
15
Let l(q) = -2*q**2 - 14*q + 2. Let o be l(-7). Suppose 5*r + 4*x = 3*x + 78, -o*r = x - 33. What is the greatest common factor of 105 and r?
15
Suppose 123 = h + c, 137*h + 3*c = 140*h - 363. Calculate the highest common factor of h and 671.
61
Suppose 21*r = -11*r + 480. Calculate the greatest common factor of 40 and r.
5
Suppose 0 = -i + 5, -5*i = 3*l - 0*l - 10. Let x = l - -20. Let t = -23 + 33. Calculate the highest common divisor of t and x.
5
Suppose -v = 5*i - 4 - 8, -4*i + 2 = -3*v. Suppose 7*o - 164 = i*o - c, 3*o = 2*c + 101. What is the greatest common divisor of 11 and o?
11
Suppose 8*i - 13*i = -70. Let m be (2/(-4))/(1/8). Let z be (-504)/70*70/m. What is the highest common divisor of i and z?
14
Let r = 3 - -32. Let s = -10 + 12. Let p be 4*((-30)/(-8) - s). Calculate the greatest common factor of p and r.
7
Suppose 0 = -3*v - v + 16, 0 = -c + 3*v - 9. Let i = 4 + c. Suppose 2*z - j + 10 = 23, -38 = -5*z - 3*j. What is the greatest common divisor of z and i?
7
Suppose 0 = 4*p - 40 - 276. Suppose -5*a + 0*a = -3*f - p, 5*f = 3*a - 57. What is the highest common factor of a and 7?
7
Let p = -79 + 114. Suppose 13*s - 17*s + 12 = 0. Suppose s*l - 20 = 1. Calculate the highest common divisor of l and p.
7
Let l = -70 + 104. Calculate the greatest common factor of l and 34.
34
Let g(h) = h**2 - 10*h - 10. Let m be g(11). Suppose 24 = -w - 0. Let p = w - -35. What is the highest common divisor of p and m?
1
Let j = -28 - -84. Let g = 19 + j. What is the greatest common divisor of g and 45?
15
Suppose 165 = -13*k + 18*k. Suppose -94 = -b + k. Suppose -u - 2*u + 5*t + 80 = 0, 2*t + b = 5*u. What is the highest common factor of u and 5?
5
Suppose -5*r + 60 = 2*n, -5*r + 65 + 35 = 4*n. What is the greatest common divisor of 70 and n?
10
Let q(i) = -79*i + 1. Let f be q(1). Let x be (-3699)/24 + 5/40. Let b = f - x. What is the highest common divisor of b and 19?
19
Suppose -237 = -3*g + 339. Let t = -137 + g. Let b = -27 + 49. What is the highest common divisor of t and b?
11
Let y = -46 + 90. Suppose 3*j - 538 = -5*m, -4*j - 264 + 28 = -2*m. What is the highest common factor of y and m?
22
Suppose -3*q + 336 = -0*q. Suppose 37 = 2*r - 75. Suppose 0 = -3*i + 7*i - r. What is the highest common factor of q and i?
14
Let n = -167 - -269. Calculate the highest common factor of n and 357.
51
Suppose 3*y + 4*z = 70, -4*z = -9*z - 10. Let p(o) = 2*o**2 + 7*o - 10. Let q be p(-7). What is the greatest common factor of q and y?
13
Let p(l) = 3*l**3 - 29*l**2 + l + 2. Let q be p(10). Calculate the greatest common divisor of 7 and q.
7
Suppose -4*d + g - 2 = -4*g, -5*d + 6 = -2*g. Let p be (-2)/3*(d - 5). Suppose -p*i - 2*i + 84 = 0. What is the greatest common factor of 210 and i?
21
Let t be 3 + 1 - (0 + (-96 - 2)). Suppose -3*w = -0*h - 2*h + t, 3*w + 198 = 4*h. Calculate the greatest common factor of 12 and h.
12
Suppose 0 = 4*m + 9 - 25, 0 = -5*l - 5*m + 920. Let c(s) = -2*s + 16. Let g be c(7). Suppose 3*u = -g*u + 100. Calculate the greatest common factor of u and l.
20
Let a(m) = -m**3 + 11*m**2 + 13*m - 2. Let j be a(12). Let s(p) = p**3 + 10*p**2 + 4*p + 11. Let o be s(-7). What is the greatest common factor of o and j?
10
Suppose h = -3*n + 51, -2*n = -4*n + 3*h + 45. Let i = 45 - n. What is the highest common divisor of 3 and i?
3
Suppose 5*o - 197 = 78. Let y = -14 + 8. Let u be 25/2 - y/(-4). What is the highest common factor of u and o?
11
Suppose 185 = -3*r + 545. Calculate the highest common divisor of r and 45.
15
Suppose 0 = -h - 5*p + 46, 5*p = -4*h + 105 + 4. Let z = h - 6. Let d be ((-138)/5)/((-6)/z). What is the highest common divisor of d and 23?
23
Let j(x) = 13*x**2 + 34*x - 10. Let n be j(-3). Suppose -2*p = -3 - 7. Let f be 102/p - (-8)/(-20). What is